{"id":1924,"date":"2018-11-19T04:56:03","date_gmt":"2018-11-19T04:56:03","guid":{"rendered":"http:\/\/192.168.0.250\/business\/?page_id=1924"},"modified":"2024-04-29T22:24:37","modified_gmt":"2024-04-30T02:24:37","slug":"contact-2","status":"publish","type":"page","link":"https:\/\/olifecoach.com\/esp\/index.php\/contact-2\/","title":{"rendered":"Contacto"},"content":{"rendered":"<p>[vc_row el_id=&#8221;rs-contact&#8221; css=&#8221;.vc_custom_1714366277741{padding-top: 90px !important;padding-bottom: 0px !important;}&#8221;][vc_column]\n        <div class=\"rs-heading   vc_custom_1714365469744  text-center\">\n        \t<div class=\"title-inner\">\n\t            \n\t            <h2 class=\"title\">\u00bfEn qu\u00e9 puedo ayudarle?<\/h2>\n\t            \n\t        <\/div><div class=\"description\"><p >H\u00e1blame un poco de ti, me pondr\u00e9 en contacto contigo lo antes posible,<br \/>\nMelissa.<\/p><\/div><\/div>\n       <div class=\"rs-contact\">\n        <div class=\"contact-address   vc_custom_1714443654506 text-center style2\"><div class=\"address-item\">\n                <div class=\"address-icon\">\n                    <i class=\"icon icon-basic-smartphone\"><\/i>\n                <\/div>\n                <div class=\"address-text\">\n                    <h3 class=\"contact-title\">Tel\u00e9fono<\/h3>\n                    <a href= \"tel:++39 333 870 63 67\">+39 333 870 63 67<\/a>\n                <\/div>\n            <\/div><div class=\"address-item\">\n                    <div class=\"address-icon\">\n                        <i class=\"icon icon-basic-mail-multiple\"><\/i>\n                    <\/div>\n                    <div class=\"address-text\">\n                        <h3 class=\"contact-title\">Correo<\/h3>\n                        <a href= \"mailto:melissaborja@olifecoach.com\">melissaborja@olifecoach.com<\/a>                   \n                    <\/div>\n                <\/div><div class=\"address-item\">\n                    <div class=\"address-icon\">\n                        <i class=\"icon icon-basic-geolocalize-01\"><\/i>\n                    <\/div>\n                    <div class=\"address-text\">\n                        <h3 class=\"contact-title\">Direcci\u00f3n<\/h3>\n                        Direcci\u00f3n Via Rivoli 2, Beinasco (TO) Italia\n                    <\/div>\n                <\/div><\/div><\/div>[\/vc_column][\/vc_row][vc_row full_width=&#8221;stretch_row&#8221; css=&#8221;.vc_custom_1714366233842{padding-top: 0px !important;padding-bottom: 74px !important;background-position: center !important;background-repeat: no-repeat !important;background-size: cover !important;}&#8221;][vc_column width=&#8221;1\/3&#8243;][\/vc_column][vc_column width=&#8221;1\/3&#8243;]\n<div class=\"wpcf7 no-js\" id=\"wpcf7-f3427-o1\" lang=\"es-VE\" dir=\"ltr\">\n<div class=\"screen-reader-response\"><p role=\"status\" aria-live=\"polite\" aria-atomic=\"true\"><\/p> <ul><\/ul><\/div>\n<form action=\"\/esp\/index.php\/wp-json\/wp\/v2\/pages\/1924#wpcf7-f3427-o1\" method=\"post\" class=\"wpcf7-form init\" aria-label=\"Formulario de contacto\" novalidate=\"novalidate\" data-status=\"init\">\n<div style=\"display: none;\">\n<input type=\"hidden\" name=\"_wpcf7\" value=\"3427\" \/>\n<input type=\"hidden\" name=\"_wpcf7_version\" value=\"5.9.3\" \/>\n<input type=\"hidden\" name=\"_wpcf7_locale\" value=\"es_VE\" \/>\n<input type=\"hidden\" name=\"_wpcf7_unit_tag\" value=\"wpcf7-f3427-o1\" \/>\n<input type=\"hidden\" name=\"_wpcf7_container_post\" value=\"0\" \/>\n<input type=\"hidden\" name=\"_wpcf7_posted_data_hash\" value=\"\" \/>\n<\/div>\n<p><label> Tu nombre<br \/>\n<span class=\"wpcf7-form-control-wrap\" data-name=\"your-name\"><input size=\"40\" class=\"wpcf7-form-control wpcf7-text wpcf7-validates-as-required\" autocomplete=\"name\" aria-required=\"true\" aria-invalid=\"false\" value=\"\" type=\"text\" name=\"your-name\" \/><\/span> <\/label>\n<\/p>\n<p><label> Tu correo electr\u00f3nico<br \/>\n<span class=\"wpcf7-form-control-wrap\" data-name=\"your-email\"><input size=\"40\" class=\"wpcf7-form-control wpcf7-email wpcf7-validates-as-required wpcf7-text wpcf7-validates-as-email\" autocomplete=\"email\" aria-required=\"true\" aria-invalid=\"false\" value=\"\" type=\"email\" name=\"your-email\" \/><\/span> <\/label>\n<\/p>\n<p><label> Tel\u00e9fono<br \/>\n<span class=\"wpcf7-form-control-wrap\" data-name=\"Telefono\"><input size=\"40\" class=\"wpcf7-form-control wpcf7-tel wpcf7-text wpcf7-validates-as-tel\" aria-invalid=\"false\" value=\"\" type=\"tel\" name=\"Telefono\" \/><\/span> <\/label>\n<\/p>\n<p><label> Asunto<br \/>\n<span class=\"wpcf7-form-control-wrap\" data-name=\"your-subject\"><input size=\"40\" class=\"wpcf7-form-control wpcf7-text wpcf7-validates-as-required\" aria-required=\"true\" aria-invalid=\"false\" value=\"\" type=\"text\" name=\"your-subject\" \/><\/span> <\/label>\n<\/p>\n<p><label> \u00bfEn qu\u00e9 puedo ayudarle?<br \/>\n<span class=\"wpcf7-form-control-wrap\" data-name=\"your-message\"><textarea cols=\"40\" rows=\"10\" class=\"wpcf7-form-control wpcf7-textarea wpcf7-validates-as-required\" aria-required=\"true\" aria-invalid=\"false\" name=\"your-message\"><\/textarea><\/span> <\/label>\n<\/p>\n<p><input class=\"wpcf7-form-control wpcf7-submit has-spinner\" type=\"submit\" value=\"Enviar\" \/>\n<\/p>\n<p>Consentimiento de privacidad, declaro haber le\u00eddo la pol\u00edtica de privacidad. Los datos facilitados no se comunicar\u00e1n en ning\u00fan caso a terceros ni se utilizar\u00e1n para fines distintos de los indicados.\n<\/p><div class=\"wpcf7-response-output\" aria-hidden=\"true\"><\/div>\n<\/form>\n<\/div>\n[\/vc_column][vc_column width=&#8221;1\/3&#8243;][\/vc_column][\/vc_row][vc_row full_width=&#8221;stretch_row_content_no_spaces&#8221; css=&#8221;.vc_custom_1714443868766{padding-top: 0px !important;padding-right: 0px !important;padding-bottom: 0px !important;padding-left: 0px !important;}&#8221;][vc_column css=&#8221;.vc_custom_1714443873276{margin-top: 0px !important;padding-top: 0px !important;}&#8221;][vc_gmaps link=&#8221;#E-8_JTNDaWZyYW1lJTIwc3JjJTNEJTIyaHR0cHMlM0ElMkYlMkZ3d3cuZ29vZ2xlLmNvbSUyRm1hcHMlMkZlbWJlZCUzRnBiJTNEJTIxMW0xOCUyMTFtMTIlMjExbTMlMjExZDI4MjAuMDI2MzgyODg5MjI2NiUyMTJkNy41NzA1Mzg5NzkxODE0MjUlMjEzZDQ1LjAyNDM4OTg5ODc1MTQyJTIxMm0zJTIxMWYwJTIxMmYwJTIxM2YwJTIxM20yJTIxMWkxMDI0JTIxMmk3NjglMjE0ZjEzLjElMjEzbTMlMjExbTIlMjExczB4NDc4ODE0OTM1MTc2MzZjOSUyNTNBMHg3OTc1NjVmYzE2ZmZjNmFmJTIxMnNWaWElMjUyMFJpdm9saSUyNTJDJTI1MjAyJTI1MkMlMjUyMDEwMDkyJTI1MjBCZWluYXNjbyUyNTIwVE8lMjUyQyUyNTIwSXRhbGlhJTIxNWUwJTIxM20yJTIxMXNlcyUyMTJzdmUlMjE0djE3MTQ0NDM3NDA2MjYlMjE1bTIlMjExc2VzJTIxMnN2ZSUyMiUyMHdpZHRoJTNEJTIyNjAwJTIyJTIwaGVpZ2h0JTNEJTIyNTAwJTIyJTIwc3R5bGUlM0QlMjJib3JkZXIlM0EwJTNCJTIyJTIwYWxsb3dmdWxsc2NyZWVuJTNEJTIyJTIyJTIwbG9hZGluZyUzRCUyMmxhenklMjIlMjByZWZlcnJlcnBvbGljeSUzRCUyMm5vLXJlZmVycmVyLXdoZW4tZG93bmdyYWRlJTIyJTNFJTNDJTJGaWZyYW1lJTNF&#8221; css=&#8221;.vc_custom_1714443797599{margin-top: 0px !important;padding-top: 0px !important;}&#8221;][\/vc_column][\/vc_row]<\/p>\n","protected":false},"excerpt":{"rendered":"<p>[vc_row el_id=&#8221;rs-contact&#8221; css=&#8221;.vc_custom_1714366277741{padding-top: 90px !important;padding-bottom: 0px !important;}&#8221;][vc_column][\/vc_column][\/vc_row][vc_row full_width=&#8221;stretch_row&#8221; css=&#8221;.vc_custom_1714366233842{padding-top: 0px !important;padding-bottom: 74px !important;background-position: center !important;background-repeat: no-repeat !important;background-size: cover !important;}&#8221;][vc_column width=&#8221;1\/3&#8243;][\/vc_column][vc_column width=&#8221;1\/3&#8243;][\/vc_column][vc_column width=&#8221;1\/3&#8243;][\/vc_column][\/vc_row][vc_row&#8230;<\/p>\n","protected":false},"author":1,"featured_media":0,"parent":0,"menu_order":0,"comment_status":"closed","ping_status":"closed","template":"","meta":{"footnotes":""},"class_list":["post-1924","page","type-page","status-publish","hentry"],"_links":{"self":[{"href":"https:\/\/olifecoach.com\/esp\/index.php\/wp-json\/wp\/v2\/pages\/1924","targetHints":{"allow":["GET"]}}],"collection":[{"href":"https:\/\/olifecoach.com\/esp\/index.php\/wp-json\/wp\/v2\/pages"}],"about":[{"href":"https:\/\/olifecoach.com\/esp\/index.php\/wp-json\/wp\/v2\/types\/page"}],"author":[{"embeddable":true,"href":"https:\/\/olifecoach.com\/esp\/index.php\/wp-json\/wp\/v2\/users\/1"}],"replies":[{"embeddable":true,"href":"https:\/\/olifecoach.com\/esp\/index.php\/wp-json\/wp\/v2\/comments?post=1924"}],"version-history":[{"count":18,"href":"https:\/\/olifecoach.com\/esp\/index.php\/wp-json\/wp\/v2\/pages\/1924\/revisions"}],"predecessor-version":[{"id":3451,"href":"https:\/\/olifecoach.com\/esp\/index.php\/wp-json\/wp\/v2\/pages\/1924\/revisions\/3451"}],"wp:attachment":[{"href":"https:\/\/olifecoach.com\/esp\/index.php\/wp-json\/wp\/v2\/media?parent=1924"}],"curies":[{"name":"wp","href":"https:\/\/api.w.org\/{rel}","templated":true}]}}